
What is the hundreds digit of 18774?
7
What is the units digit of 1246?
6
What is the hundreds digit of 2495?
4
What is the ten thousands digit of 36364?
3
What is the units digit of 19416?
6
What is the tens digit of 6144?
4
What is the units digit of 209?
9
What is the units digit of 70342?
2
What is the units digit of 1480?
0
What is the thousands digit of 6499?
6
What is the units digit of 7427?
7
What is the tens digit of 1181?
8
What is the hundreds digit of 27951?
9
What is the hundreds digit of 26236?
2
What is the ten thousands digit of 119461?
1
What is the thousands digit of 28557?
8
What is the tens digit of 1753?
5
What is the tens digit of 600?
0
What is the units digit of 669?
9
What is the tens digit of 57125?
2
What is the hundreds digit of 4991?
9
What is the tens digit of 2262?
6
What is the hundreds digit of 21170?
1
What is the units digit of 649?
9
What is the units digit of 29806?
6
What is the hundreds digit of 31730?
7
What is the units digit of 1423?
3
What is the thousands digit of 1508?
1
What is the tens digit of 203?
0
What is the tens digit of 117?
1
What is the units digit of 94?
4
What is the thousands digit of 4580?
4
What is the units digit of 4947?
7
What is the hundred thousands digit of 108103?
1
What is the units digit of 61709?
9
What is the units digit of 6053?
3
What is the hundreds digit of 2101?
1
What is the ten thousands digit of 150167?
5
What is the hundreds digit of 1065?
0
What is the ten thousands digit of 10281?
1
What is the hundreds digit of 62992?
9
What is the tens digit of 1838?
3
What is the tens digit of 323?
2
What is the tens digit of 55826?
2
What is the hundreds digit of 17721?
7
What is the thousands digit of 5187?
5
What is the tens digit of 23390?
9
What is the ten thousands digit of 16429?
1
What is the tens digit of 24241?
4
What is the tens digit of 685?
8
What is the hundreds digit of 518?
5
What is the hundreds digit of 25399?
3
What is the units digit of 2589?
9
What is the hundreds digit of 3328?
3
What is the tens digit of 1135?
3
What is the thousands digit of 3474?
3
What is the units digit of 1109?
9
What is the tens digit of 62?
6
What is the hundreds digit of 97061?
0
What is the tens digit of 23291?
9
What is the units digit of 71000?
0
What is the tens digit of 3200?
0
What is the units digit of 138?
8
What is the tens digit of 42308?
0
What is the units digit of 11351?
1
What is the units digit of 5617?
7
What is the tens digit of 6194?
9
What is the thousands digit of 6386?
6
What is the ten thousands digit of 30469?
3
What is the tens digit of 12012?
1
What is the tens digit of 113845?
4
What is the tens digit of 4934?
3
What is the tens digit of 974?
7
What is the tens digit of 24?
2
What is the units digit of 144?
4
What is the hundreds digit of 29936?
9
What is the units digit of 1141?
1
What is the thousands digit of 14966?
4
What is the hundreds digit of 140432?
4
What is the tens digit of 26413?
1
What is the units digit of 32066?
6
What is the units digit of 28505?
5
What is the hundreds digit of 2663?
6
What is the thousands digit of 29734?
9
What is the hundreds digit of 7052?
0
What is the units digit of 509?
9
What is the units digit of 11778?
8
What is the tens digit of 394?
9
What is the tens digit of 106?
0
What is the hundreds digit of 444?
4
What is the units digit of 491?
1
What is the units digit of 32732?
2
What is the units digit of 797?
7
What is the hundreds digit of 1131?
1
What is the thousands digit of 46594?
6
What is the tens digit of 35626?
2
What is the ten thousands digit of 45321?
4
What is the thousands digit of 23393?
3
What is the tens digit of 6284?
8
What is the hundreds digit of 80772?
7
What is the hundreds digit of 3085?
0
What is the thousands digit of 1010?
1
What is the units digit of 5274?
4
What is the units digit of 374?
4
What is the ten thousands digit of 53144?
5
What is the units digit of 7654?
4
What is the ten thousands digit of 33158?
3
What is the tens digit of 579?
7
What is the hundreds digit of 255?
2
What is the tens digit of 522?
2
What is the hundreds digit of 340?
3
What is the units digit of 1903?
3
What is the thousands digit of 1268?
1
What is the thousands digit of 23156?
3
What is the hundreds digit of 125945?
9
What is the thousands digit of 6621?
6
What is the tens digit of 2091?
9
What is the hundreds digit of 26564?
5
What is the units digit of 82?
2
What is the tens digit of 403?
0
What is the tens digit of 6080?
8
What is the thousands digit of 1322?
1
What is the tens digit of 146796?
9
What is the tens digit of 569?
6
What is the thousands digit of 1340?
1
What is the thousands digit of 4609?
4
What is the ten thousands digit of 42689?
4
What is the tens digit of 445?
4
What is the tens digit of 4548?
4
What is the thousands digit of 2857?
2
What is the tens digit of 39?
3
What is the units digit of 4738?
8
What is the thousands digit of 2398?
2
What is the units digit of 380?
0
What is the ten thousands digit of 143027?
4
What is the hundreds digit of 2030?
0
What is the hundreds digit of 2464?
4
What is the hundreds digit of 21862?
8
What is the tens digit of 9831?
3
What is the units digit of 10795?
5
What is the units digit of 1527?
7
What is the tens digit of 23901?
0
What is the tens digit of 553?
5
What is the tens digit of 2580?
8
What is the tens digit of 47?
4
What is the thousands digit of 25347?
5
What is the hundreds digit of 2680?
6
What is the hundreds digit of 380?
3
What is the units digit of 689?
9
What is the thousands digit of 47556?
7
What is the units digit of 168600?
0
What is the tens digit of 359?
5
What is the units digit of 199?
9
What is the units digit of 84?
4
What is the units digit of 12570?
0
What is the tens digit of 686?
8
What is the units digit of 2346?
6
What is the ten thousands digit of 126522?
2
What is the units digit of 1888?
8
What is the hundreds digit of 807?
8
What is the ten thousands digit of 82113?
8
What is the hundreds digit of 1314?
3
What is the units digit of 12291?
1
What is the tens digit of 10039?
3
What is the hundreds digit of 15323?
3
What is the tens digit of 26731?
3
What is the tens digit of 4312?
1
What is the ten thousands digit of 45288?
4
What is the hundreds digit of 530?
5
What is the tens digit of 632?
3
What is the units digit of 490?
0
What is the hundreds digit of 5042?
0
What is the hundreds digit of 2533?
5
What is the ten thousands digit of 22595?
2
What is the tens digit of 2560?
6
What is the hundreds digit of 8913?
9
What is the units digit of 32333?
3
What is the units digit of 1519?
9
What is the tens digit of 13921?
2
What is the thousands digit of 27146?
7
What is the tens digit of 38367?
6
What is the ten thousands digit of 27609?
2
What is the tens digit of 39498?
9
What is the thousands digit of 7845?
7
What is the tens digit of 3833?
3
What is the units digit of 8479?
9
What is the units digit of 99750?
0
What is the ten thousands digit of 17985?
1
What is the thousands digit of 8323?
8
What is the thousands digit of 4961?
4
What is the ten thousands digit of 107624?
0
What is the thousands digit of 14560?
4
What is the units digit of 5622?
2
What is the hundreds digit of 957?
9
What is the hundreds digit of 988?
9
What is the hundreds digit of 17735?
7
What is the thousands digit of 3903?
3
What is the tens digit of 12569?
6
What is the hundreds digit of 1131?
1
What is the thousands digit of 15431?
5
What is the tens digit of 10511?
1
What is the units digit of 8889?
9
What is the hundreds digit of 21157?
1
What is the units digit of 56445?
5
What is the tens digit of 5981?
8
What is the units digit of 2418?
8
What is the tens digit of 3206?
0
What is the thousands digit of 1033?
1
What is the tens digit of 683?
8
What is the ten thousands digit of 10377?
1
What is the tens digit of 14844?
4
What is the hundreds digit of 9581?
5
What is the hundreds digit of 103803?
8
What is the tens digit of 76791?
9
What is the hundreds digit of 4099?
0
What is the thousands digit of 18901?
8
What is the tens digit of 588?
8
What is the units digit of 25982?
2
What is the units digit of 4424?
4
What is the units digit of 14479?
9
What is the ten thousands digit of 13832?
1
What is the tens digit of 1234?
3
Wh